emainder when l is divided by 7.
5
Let g(m) = 2*m**2 + 21*m - 17. Calculate the remainder when 182 is divided by g(-13).
38
Suppose 8*q + 937 - 1089 = 0. What is the remainder when 146 is divided by q?
13
Suppose 13*h - 11*h = 6. Suppose 5*n + b - 4*b = 1091, -h*b = -3*n + 651. What is the remainder when 31 is divided by (n/(-40))/(1/(-2))?
9
Let h = 26 + -2. Calculate the remainder when (-75 + 15/3)/(1 - 2) is divided by h.
22
Suppose 24*u = 760 - 16. Suppose 0 = 3*j + 4*h - 2*h - 14, 5*h + 33 = j. What is the remainder when u is divided by j?
7
Let y(x) = 20*x**3 + x**2 - 3*x + 1. Let a be y(1). Suppose 4*q + i - 99 = 0, -154 = -5*q - 5*i - a. Calculate the remainder when 92 is divided by q.
20
Let k = -20 - -6. Let i = 18 + k. Suppose g - 2 = i. Calculate the remainder when 22 is divided by g.
4
Suppose 4*c + c = h - 52, -244 = -4*h + 2*c. Let o be (-12)/18 - (-10)/6. What is the remainder when h is divided by 4 - 3 - o - -16?
14
Suppose 10*w = 303 + 207. Let a = -3 + -31. Let o = a + w. Calculate the remainder when o is divided by 9.
8
What is the remainder when 157 is divided by 6810/90 + (-5)/(15/(-4))?
3
Suppose -4*c = b - 1, 2*b - 5*c + 3*c = 22. Suppose 79 = 5*p + b. Let a(y) = -8*y + 7. What is the remainder when a(-6) is divided by p?
13
Let x be 564/(12/(-16)*-2). Suppose x = 2*c - 114. What is the remainder when c is divided by 31?
28
Suppose -10*g = -4*g - 30. Suppose -z = -g*k + 6, -5*z - 2*k + 26 = k. What is the remainder when 58*z*2/16 is divided by 8?
5
Suppose 3*b + 2*g - 167 = 0, -2*b + 107 = -g - 2*g. Calculate the remainder when b is divided by 20.
15
Suppose 0 = 14*m - 18*m + 108. Calculate the remainder when 269 is divided by m.
26
Let y = -144 - -209. Suppose -3*m = 3*k - 42, -m + 3 = -2*m. Calculate the remainder when y is divided by k.
14
Suppose -20 = 2*a - 7*a. Suppose 2*m - 8 = -a. Calculate the remainder when 11 is divided by m.
1
Let d be (12/15)/((-10)/(-375)). Let j be (-3)/5 + 738/d. Suppose -2*u = z - j, -5*u = -5*z + 41 + 4. What is the remainder when z is divided by 5?
4
Let l(i) = -i**2 + 1. Let p be l(-1). Suppose 0 = 6*d - p*d + 1278. Calculate the remainder when (d/(-6))/(3/6) is divided by 24.
23
Let z = -30 - -33. Let r be z/((-35)/(-10) - 2). Suppose -r*v - 108 = -6*v. What is the remainder when v is divided by 15?
12
Let q(t) = 5*t**2 - 3*t + 34. What is the remainder when q(-5) is divided by 20?
14
Calculate the remainder when 154 is divided by (10 - (-21)/(-2))*-42.
7
Let v = 63 + -59. Suppose -v*c = -9*c + 2*w + 41, -8 = c + 5*w. What is the remainder when 10 is divided by c?
3
Let q = 8 + 141. What is the remainder when q is divided by 22?
17
Calculate the remainder when 103 is divided by (23 - (2 - 2)) + (-18)/9.
19
Let h = -139 + 52. Let m = -46 - h. Calculate the remainder when m is divided by 42/2 + 0 + -1 + 2.
19
Suppose c = i + 1 - 10, 36 = 4*i + 3*c. Let t be (-6)/(-14) + 81/7. Calculate the remainder when 400/t + 2/3 is divided by i.
7
Let h be (2 - (-13)/3)*3. Let s = h - 16. Suppose s*n - 6*n + 57 = 0. Calculate the remainder when 37 is divided by n.
18
Let r = 31 + -29. Suppose -r*j - 3 + 2 = g, 3*g - 3*j + 39 = 0. What is the remainder when ((-40)/(-30))/((-2)/g) is divided by 2?
0
Suppose p - 27 = -3*g + 28, -2*g + 40 = -p. What is the remainder when g is divided by ((-2)/(-4))/(2/24)?
1
Let s = -241 - -256. What is the remainder when 68 is divided by s?
8
Let f(h) = h**3 + h + 5. Let d be f(0). Suppose 2*p - d*p = -48. Calculate the remainder when p is divided by (3*(-3 + 1))/((-2)/3).
7
Let q(d) = 10*d**2 - 9*d + 7. What is the remainder when 168 is divided by q(2)?
23
Suppose -w - 4 = 4. Let q be ((-234)/w)/(15/40). Suppose -4*i + 2*i + 81 = c, -q = -2*i + 2*c. Calculate the remainder when i is divided by 14.
12
Suppose 3*g = 2*g - i + 11, 4*g - 46 = -3*i. Suppose 5*h - 2*h = m - g, 5*m + 4*h = -11. Calculate the remainder when 4 is divided by m.
0
Let q = -149 - -884. Calculate the remainder when q is divided by 92.
91
Suppose 228 - 30 = 6*x. What is the remainder when x is divided by 9?
6
Let n = 2539 - 2520. Suppose 0 = -3*x - 30 + 195. What is the remainder when x is divided by n?
17
Let q(v) = 10*v**2 + v + 6. What is the remainder when 140 is divided by q(2)?
44
Let i(a) = -4*a - 1. Let x(c) = c + 1. Let q(l) = i(l) + 2*x(l). What is the remainder when (-170)/(-4) + (-3)/(-6) is divided by q(-5)?
10
Let h be -4*1/(-4) - 3. Let c be -8*(-2)/12*-3. Calculate the remainder when 92 is divided by h/c*62*1.
30
Let k = -10 - -12. Calculate the remainder when 223 is divided by (k - -25) + (-5)/(-1).
31
Suppose 5*z = 25 + 10. Let a = 87 + -83. Suppose 6*q = a*q + 54. What is the remainder when q is divided by z?
6
Suppose 20*v = 18*v + 62. Calculate the remainder when 709 is divided by v.
27
Suppose -85*t = -93*t + 464. What is the remainder when 229 is divided by t?
55
Let q = -119 + 4. Let p = q - -161. Calculate the remainder when p is divided by (-48)/(-28)*28/4.
10
Suppose -3*w + 222 = -9*w. Let b = 72 - w. Calculate the remainder when b is divided by 11.
10
Let n = -22 - -24. Suppose -2*l + 44 = -2*u, 146 = n*l + 3*l + 4*u. Let c = 44 - 30. Calculate the remainder when l is divided by c.
12
Suppose 4*q = q + 261. Let x(z) = -z + 11. Let r be x(13). Calculate the remainder when q is divided by -1*(4 - (20 - r)).
15
Suppose -5*r - 88 = -r. Let x = r + 33. Calculate the remainder when 65 is divided by x.
10
Suppose 4*f - 4*o + 4 = 0, 0 = -4*f + 2*o - 0*o. Calculate the remainder when 7 is divided by 8 + f + -4 - -2.
0
Let c be 2*(8/52 - (-152)/26). Suppose -c*u - 34 = -14*u. What is the remainder when 84 is divided by u?
16
Suppose -l - 1 = 0, 265 = -3*t + 4*l + 929. Suppose t = 17*n - 12*n. What is the remainder when n is divided by 16?
12
Let i(c) = c**3 + 4*c**2 - 2*c + 5. Let h be (30/5 - 5)/(2/(-8)). What is the remainder when 33 is divided by i(h)?
7
Let y = -15 + 23. Suppose n = -3*d - y, 5*n - 5*d - 60 = -0*d. Calculate the remainder when 12 is divided by n.
5
Let m = 33 + -15. What is the remainder when 38 is divided by (-2)/m - (-91)/9?
8
Let y be -5 + (-2)/(2 - 1). Suppose 9 + 5 = -l. Let a = y - l. Calculate the remainder when 26 is divided by a.
5
Let u(p) = p**3 + 3*p**2 + 12*p + 1. Let s be u(-7). Let w = -175 - s. What is the remainder when w is divided by 15?
14
Suppose 51 + 313 = -4*z. Suppose 3*s = 5*s - 262. Let j = z + s. Calculate the remainder when j is divided by 11.
7
Let p = -42 - -39. Calculate the remainder when 54 is divided by p/(9/(-2))*4617/162.
16
Suppose 37 = 5*k + 3*v, 0*k + 5*k - 5*v = 5. Let s(n) = -n**3 + 5*n**2 - 7*n - 1. Let w be s(k). Let h = w - -56. What is the remainder when h is divided by 7?
6
Let h(c) = 2*c**3 - 2*c**2 - 2*c. Let o be h(2). Suppose 0 = -o*w + 6*w - 44. Calculate the remainder when w is divided by 1*-13*(2 + -3).
9
Let q be (-13 + 16)/(2/(-8)). Let m = q - -17. Suppose 139 = m*t + 34. What is the remainder when t is divided by 11?
10
Let s = 243 + -97. Let k(j) = -4*j**3 - 216*j**2 - 10*j - 489. Calculate the remainder when s is divided by k(-54).
44
Let j = 6 - -20. Let m(c) = 3*c - 27. What is the remainder when j is divided by m(12)?
8
Let h = 0 + 8. What is the remainder when (39/(-104) + 458/(-16))*-1 is divided by h?
5
Let j = -1 + 0. Let p be 6 - (j + 5 + -3). Suppose 0 = -5*x - 10, -3*x - 282 = -p*s - 31. What is the remainder when s is divided by 17?
15
Suppose -6*i + i + 760 = 0. Calculate the remainder when i is divided by 1/2*((-4)/2)/((-17)/238).
12
Suppose 3*o + 361 = 5*k, -5*k + 4*o - 205 = -8*k. Suppose 5*a - 15 = 0, a = 4*j + 5*a - 84. Calculate the remainder when k is divided by j.
17
Suppose 8*v = -v + 414. Let u = 67 - -29. Suppose a = -3*a + u. Calculate the remainder when v is divided by a.
22
Let q = 4019 - 3950. Suppose 75 = 4*y - 65. Calculate the remainder when q is divided by y.
34
Suppose -5*v = -538 - 642. Suppose -5*c - z = -241, -5*c - 2*z = -6*z - v. Calculate the remainder when c is divided by 17.
14
Let v(g) = -66*g**3 - g**2 + g + 1. Let c be v(-1). Suppose 2*t - c + 293 = 0. Calculate the remainder when t/(-5) + (-8)/(-40) is divided by 6.
5
Let l(f) = f + 11. Suppose 22 - 2 = -4*r. Let s be l(r). Let g(v) = v**2 - 4*v + 3. Calculate the remainder when 57 is divided by g(s).
